 = 15 - k. Suppose u*i - 10*i = -36. Calculate the highest common factor of i and 81.
9
Suppose 3*q = -q + 48. Let r be q/2 + 4/(-2). Suppose -3*g + 68 = 4*s, -5*s = 4*g - 8*g + 132. Calculate the greatest common factor of g and r.
4
Let v(n) = -9*n**2 + 3*n - 12. Let p(o) = 4*o**2 - 2*o + 6. Let l(j) = 7*p(j) + 3*v(j). Let u be l(0). What is the greatest common divisor of 9 and u?
3
Suppose 16*t - 265 = -5*p + 17*t, 124 = 2*p - 4*t. What is the highest common factor of p and 390?
26
Suppose 747 = 3*z - 783. Suppose 5*b - 2*r - z = 2*r, 0 = 3*b - 3*r - 309. What is the highest common divisor of b and 14?
14
Let m be 2 + (-470)/(-13) + 8/(-52). What is the greatest common factor of m and 323?
19
Let i(f) = 4*f + 10. Let y be i(-3). Let n be (-4)/y - 3 - -40. Calculate the highest common divisor of n and 13.
13
Let z be ((-12)/(-7))/(((-558)/(-504))/31). Let p = -19 + 91. Calculate the highest common factor of z and p.
24
Suppose 12*d + 10 = 154. Let l(p) = 12*p. Let s be l(7). What is the highest common divisor of s and d?
12
Suppose 0 = -c - 0*q + q + 25, 5*q + 95 = 4*c. What is the greatest common divisor of 18 and c?
6
Let h = -698 - -1073. Suppose u = 6*u - h. Let c be (-88)/(-6) - (-1)/3. What is the highest common factor of u and c?
15
Let k(f) = 4*f**2 + 24*f + 6. Let q(z) = 2*z**2 + 33*z + 10. Let y be q(-16). Let a be k(y). Calculate the greatest common divisor of a and 3.
3
Suppose -4 + 31 = c. Suppose -3*w + 97 = 3*q - 560, -2*w - 1074 = -5*q. What is the greatest common factor of c and q?
27
Let l(r) = -6*r**2 + 88*r + 41. Let y be l(15). Suppose -3*o + 87 = -12. What is the highest common factor of y and o?
11
Let h(b) = -b**3 - 8*b**2 + 2*b - 6. Let z be h(-8). Let n = -1 - z. Calculate the highest common factor of n and 21.
21
Let u be 9 + -5 + 3/3. Calculate the highest common divisor of 200 and u.
5
Let f = 960 + -370. What is the greatest common factor of 10 and f?
10
Let k = -31 - -40. Let l(x) = -404*x**3 + x**2 + x. Let o be l(-1). Suppose o = 5*s + d, d - 152 - 9 = -2*s. What is the greatest common divisor of k and s?
9
Let g(d) = 95*d - 1029. Let v be g(11). Let z be 4*1*(-1)/(-2). Calculate the greatest common divisor of v and z.
2
Suppose 4*g = 5*y + 2*g - 29, 2 = 2*y - 4*g. Let q be (4/y)/((-4)/(-28)). Suppose q*h - 50 = -14. Calculate the highest common divisor of h and 99.
9
Let c = 304 - 161. Suppose 0 = 3*n + 1 - 40. What is the greatest common divisor of c and n?
13
Suppose -5*t + 64 = -2*w, -5*w = 4*t - 3*t - 2. Calculate the highest common factor of 300 and t.
12
Let b = -124 - -79. Let p = -26 - b. Let s(g) = 26*g**2 + 5*g + 1. Let j be s(-2). What is the highest common divisor of j and p?
19
Suppose x = 4*y + y + 40, 0 = -5*x + y + 152. Suppose 33*m - x*m = 54. Calculate the highest common factor of 90 and m.
18
Suppose -38 = 2*v - 148. Let x = -1251 - -1273. What is the highest common factor of x and v?
11
Suppose 0 = 4*q - 2*o + 8 - 0, -3*q + o - 6 = 0. Let j be (-2 - 4/q) + 90. What is the greatest common factor of 18 and j?
18
Suppose 4*t - 3*t = 4. Suppose 0 = -n + 4*l + 45 + 23, 4*l = 20. Suppose 25 - n = -3*y + 5*h, 113 = t*y + 3*h. Calculate the highest common divisor of 52 and y.
26
Let q be -4*(5 - 3) + 3 + 257. What is the greatest common factor of 56 and q?
28
Suppose -26*t + 21*t + g = -75, 0 = -5*t - 5*g + 45. Calculate the highest common factor of t and 28.
14
Let o = -430 + 441. What is the highest common divisor of o and 352?
11
Let s be -2 + 1587/9 + 16/24. What is the greatest common factor of s and 7?
7
Suppose -3*l - 3*t = -900, -916 = -2*l - l + t. What is the greatest common divisor of l and 57?
19
Let g = -1312 + 1315. Calculate the greatest common factor of 31 and g.
1
Let m = 16 - 10. Suppose -m*v + v + 325 = 0. Let z(s) = -94*s + 1141. Let h be z(12). What is the highest common divisor of v and h?
13
Let i be 15/(-6)*(-32)/10. Let d = -2 + i. Let t(o) = 2*o**3 - 7*o**2 - o - 4. Let a be t(5). Calculate the highest common divisor of d and a.
6
Suppose -4*a = v - 288, 2*v + a = 11 + 565. Calculate the greatest common divisor of v and 18.
18
Suppose -9*q + 22*q = 3848. Calculate the highest common divisor of q and 8.
8
Suppose 29*x - 7740 = 14*x. Calculate the greatest common factor of x and 215.
43
Let p be -2*2/(7 - 3). Let l = 3 + p. Let j be 2*(-3)/(30/(-25)). What is the highest common factor of l and j?
1
Suppose 0 = u + 2*b - 46, -3*u = -4*b - b - 182. What is the highest common divisor of u and 234?
18
Let y = 15 - 13. Suppose -t - y = 1. Let w be (8/(-5))/(t/15). Calculate the greatest common factor of 64 and w.
8
Suppose -23*w = -280 - 525. Calculate the highest common factor of w and 15.
5
Suppose 77 = 5*r - 198. Let a = 20 + r. Let n be 2/3 - (-176)/6. Calculate the greatest common factor of n and a.
15
Suppose 0*d = 5*d + 25, 5*y - 3*d = 420. Suppose 4*w + y = 7*w. Calculate the highest common divisor of 135 and w.
27
Suppose 7*v - 11*v + 65 = 3*i, 0 = 4*i + 3*v - 96. Calculate the greatest common divisor of i and 432.
27
Suppose -16 = 3*o - 2*s - 70, -2*s = 3*o - 66. Suppose 155 + 25 = p. What is the highest common factor of o and p?
20
Suppose -m + 84 = 3*o, -m + 22 = -2*o + 78. Let c be (-21)/1*64/(-6). What is the highest common divisor of o and c?
28
Let s be (-27)/6*4/(-9). Suppose -4*b + 42 = s. What is the highest common divisor of b and 110?
10
Suppose s = 3*p - 16, s = -2*p + p + 4. Let y be (26/39)/(s/(-36)). What is the greatest common factor of y and 16?
8
Suppose 2*g = -5 + 13, 4*a + 2*g = 108. What is the highest common factor of 115 and a?
5
Let h(n) = 6*n**3 + n**2 + 2*n - 2. Let l be h(1). Suppose c = -l*c + 192. What is the highest common divisor of 32 and c?
8
Suppose 0 = 11*x - 476 - 525. Calculate the greatest common factor of 26 and x.
13
Let m(n) = 5*n + 68. Let q be m(-13). Calculate the greatest common factor of q and 321.
3
Let x be 154/5 + (-5)/(-25). Let j = 201 - x. Calculate the highest common divisor of 68 and j.
34
Let g = 283 + -225. What is the highest common factor of g and 2?
2
Let a = 20 + -8. Calculate the highest common divisor of a and 192.
12
Let p(d) = -d + 8. Let u be p(3). Suppose 68 = 3*a + 2*h, 4*a - u*h - 103 = a. Calculate the highest common factor of 208 and a.
26
Let i be 5 + (-3 - (-102)/(-12))*-2. Calculate the highest common factor of 40 and i.
4
Suppose -l + 3 + 17 = 0. Suppose 2*r = 4*r + 4*f - 12, 0 = -5*f - l. Calculate the greatest common factor of r and 14.
14
Let r be 1222/6 + 28/84. Calculate the highest common factor of r and 51.
51
Let a(g) = -g**2 + 4*g + 3. Let c be a(1). What is the greatest common factor of c and 30?
6
Suppose 2*b + 14 = -4*f, -4*b - 1 = -0*f - f. Let j be (8/(-3))/(1/f). What is the greatest common factor of 1 and j?
1
Suppose -4*x + 3*t = -13, -5*x - 3*t = t - 24. Suppose x*p - 1 + 9 = 0. Let a be (p/(-6))/((-6)/(-2106)). Calculate the highest common divisor of 13 and a.
13
Let i = -688 - -695. Calculate the greatest common divisor of 35 and i.
7
Let k(g) = g + 123. Let t be k(-11). What is the highest common divisor of 28 and t?
28
Suppose 5*w - 6*a - 70 = -11*a, 0 = -2*w - 4*a + 38. Let s(k) = 19*k + 1. Let q be s(w). Let u = q + -67. Calculate the highest common factor of u and 15.
15
Suppose 4*n = 4602 - 234. What is the highest common divisor of n and 84?
84
Let d = -342 - -1003. Suppose d - 181 = 4*s. Suppose -n + 4*m + 31 - 7 = 0, -5*n + s = -2*m. What is the greatest common divisor of n and 12?
12
Let g = -17 - -13. Let a be 692/7 - g/28. What is the greatest common factor of a and 9?
9
Let k(l) = l**3 + 15*l**2 - 2*l - 8. Let p be (-6)/18 + 2/3*-22. Let h be k(p). What is the greatest common divisor of h and 66?
22
Suppose 4*f - 6*f = z - 9, 0 = 5*z - 2*f - 33. Calculate the highest common divisor of z and 49.
7
Let m(a) = a**3 - 2*a**2 + 12*a - 34. Let x be m(4). What is the highest common divisor of x and 23?
23
Let j = -9 - -36. What is the highest common divisor of 261 and j?
9
Let r(n) be the second derivative of -n**4/4 - 13*n**3/6 + n**2 + 2*n. Let c be r(-4). Calculate the highest common divisor of 48 and c.
6
Let w be 4/(32/78) - (-5)/20. Let l(z) = 2*z**2 - 8*z - 10. Let d be l(-5). Calculate the greatest common divisor of d and w.
10
Let f(d) = d - 1. Let i be f(1